32*y + 30*y - 116 = 0. Is 4 a factor of r?
True
Let b = -75 - -104. Is 10 a factor of (b - -1)/(-2 - 23/(-10))?
True
Let p = -8 + 41. Is 33 a factor of p?
True
Let c = 16 - 40. Let k = c + -6. Is 16 a factor of 403/7 - k/70?
False
Suppose 11*u + 126 = 14*u. Let c = 142 - u. Does 20 divide c?
True
Does 13 divide ((-2)/8)/((-20)/35600)?
False
Let t(d) = -13*d + 2. Let p be (-39)/15 + (-3)/(-5). Let z be t(p). Suppose -z = -3*r + r. Is 7 a factor of r?
True
Let w(x) = -x**3 + 4*x**2 + 10*x - 4. Let h be w(7). Is 4 a factor of (-720)/h*3*3/2?
True
Let s(y) = 19*y**3 + 3*y**2 - 3*y + 1. Does 3 divide s(1)?
False
Let p = 1370 + -356. Suppose 2*n = 5*n - p. Does 45 divide n?
False
Suppose 1 = 4*l - 7. Let b be (40/(-6))/(-10) - 11/3. Is 17 a factor of -126*l/(b + -1)?
False
Does 8 divide 43 + 3 - (36 - 26)?
False
Let g(y) = -3*y**3 - 13*y**2 - 5*y + 21. Let a be g(-9). Suppose 11*d = 17*d - a. Is d a multiple of 40?
True
Does 9 divide 1 - (-1651)/8 - 297/792?
True
Suppose -2*s - 8*c + 11*c + 697 = 0, 3*s - 5*c - 1046 = 0. Does 8 divide s?
False
Suppose -2*w = 344 + 34. Let t = w + -27. Is 24 a factor of ((-1)/(-1))/((-3)/t)?
True
Let t(j) = -j**3 + 17*j**2 + 6*j + 81. Does 33 divide t(16)?
False
Let r(g) = g**3 + g**2 + g - 58. Let x be r(0). Let o(q) = q**3 - 7*q**2 - 2*q + 1. Let c be o(7). Is 12 a factor of c + 14 - (-1 + x)?
True
Let a(h) = 20*h**2 + 312*h + 16. Does 18 divide a(-16)?
True
Let j = -1694 - -2801. Is j a multiple of 9?
True
Suppose 11*m - 3 = 8*m. Suppose 0 = g + 4*r - m, -r + 74 = 5*g - 4*r. Does 13 divide g?
True
Let w(c) be the first derivative of -c**3/3 - 13*c**2/2 + 26*c + 41. Is w(-8) a multiple of 48?
False
Let w be (-16)/(-7) + (-4)/14. Let g = -718 - -717. Is 6 a factor of (g/w)/(12/(-456))?
False
Let w be (3 - 4)/(4/(-12)). Suppose w*h + 612 = 9*h. Does 25 divide h?
False
Let z(y) = -y**3 - 10*y**2 - 8*y + 10. Let q be z(-9). Let f = q - 13. Let k = 27 + f. Is k a multiple of 7?
False
Suppose 57 = r + 2*r - 5*p, -2*p = 6. Let z = 10 + r. Suppose -8*i + z = -4*i. Does 6 divide i?
True
Let p(n) = -10*n - 3*n**2 + n**2 + n**2 - 13*n - 21. Is 16 a factor of p(-18)?
False
Let w be ((-14)/4)/(17/(-34)). Suppose 3*f = -2*d + 52, -d + w + 13 = 3*f. Is d a multiple of 16?
True
Let f be 94/12 + (-15)/(-90). Suppose 0 = f*a - 3*a - 50. Does 10 divide a?
True
Let f = 50 + 57. Suppose f = 5*a - 48. Does 6 divide a?
False
Let s(r) = r**2 - r - 11. Let k(f) = -f**2 + 2*f - 5. Let l be k(3). Let w = 13 + l. Is 9 a factor of s(w)?
True
Let q(d) = d**2 + 3*d. Suppose -t + 30 = -4*t. Is 14 a factor of q(t)?
True
Let z(c) = -2*c**2 - c. Let b be z(-2). Let v(n) = 2 - 9*n - n + 8*n - 8. Does 3 divide v(b)?
True
Let b(k) = k**3 - 6*k**2 - 3*k - 10. Is b(7) even?
True
Suppose -5*l - 138 = -2*f + 60, -4*f - 4 = 0. Let m be l + (-2 - (0 - 0)). Let v = 72 + m. Is 6 a factor of v?
True
Let j = -6 + 15. Let o be 826/j + 2/9. Let u = o + -40. Is u a multiple of 17?
False
Let x be 1*(4 + 0) + -4. Suppose x*g + 2*g = 122. Suppose -3*m = -3*y + 66, -5*y + 4*m = -53 - g. Is y a multiple of 13?
True
Let p be 1*(-252)/(1 + -4). Suppose -p + 62 = -v. Is v a multiple of 12?
False
Let i(r) = r**2 + 5*r - 5. Let j be i(-8). Suppose 8*o + j = 691. Is 21 a factor of o?
True
Suppose -2*n - 3*x = -85, 0*x = 4*n + 2*x - 166. Let h = n - 20. Does 12 divide (-4 - (h + -2))/(-1)?
False
Let y(v) = 1. Let b(s) = 4*s + 3. Suppose -2 = -i - 4*a, -3*i + 5*a + 6 = -0*a. Let f(m) = i*b(m) - 6*y(m). Does 4 divide f(1)?
True
Let r be 112/((-5 + 3)/2). Let q = -58 - r. Does 3 divide q?
True
Let p(d) = d + 70. Let f be p(0). Suppose -2*g + g = f. Let w = 119 + g. Is 16 a factor of w?
False
Suppose 3*h - 2155 = -2*m, -4*m + 3*h + 2623 + 1642 = 0. Is 51 a factor of m?
False
Let l = -67 - -70. Let s = 94 - -20. Suppose -l*v + s = 15. Is 11 a factor of v?
True
Suppose 114*h - 117*h = -288. Does 12 divide h?
True
Let x(r) = -12*r - 6. Let n(i) = i**3 + 17*i**2 - 17*i + 8. Let b be n(-18). Is x(b) a multiple of 32?
False
Let b(r) = -36*r + 6. Does 26 divide b(-2)?
True
Suppose 11 - 17 = -3*a. Suppose 15 + 7 = -a*k. Let u = k + 20. Is u a multiple of 4?
False
Suppose d - 6 = -0*d. Is (-64)/d*18/(-8) a multiple of 12?
True
Let y = 713 - 413. Is y a multiple of 30?
True
Does 16 divide (-10)/(-40) - (18651/(-4) + 3)?
False
Let l(q) = -3 + 60*q - 2*q**3 - 128*q - 16*q**2 + 62*q. Does 9 divide l(-8)?
True
Is 55 a factor of (-3)/9*6 + (-1 - -782)?
False
Let f be 6/15 - (-3392)/20. Let n = f - 118. Suppose -n = 3*w - 223. Is 19 a factor of w?
True
Suppose -14 = -4*o - 6, 3*o - 1961 = -5*l. Is l a multiple of 8?
False
Let r(p) = -p**3 - p - 1. Let m(a) = -67*a**3 + 2*a**2 + 6*a + 5. Let i(b) = m(b) + 6*r(b). Suppose -4*f + 2*x = 0, 8 - 1 = -5*f - x. Is 11 a factor of i(f)?
False
Suppose 0 = -0*w + 6*w - 24. Suppose -29 + w = -5*v, 309 = n + 2*v. Does 55 divide n?
False
Suppose 2*n - 6*n - 5*k + 5 = 0, 5*n - 3*k - 34 = 0. Suppose -g + p + 4*p = -19, 3*g - 27 = n*p. Is (5 - g)*(-42)/(-3) a multiple of 7?
True
Let v(d) = 33*d + 15. Let h(r) = r**3 + 5*r**2 - 9*r - 13. Let q be h(-6). Is v(q) a multiple of 12?
True
Suppose 25 = -5*p - 4*g + 753, 0 = p + 2*g - 148. Suppose 32 = -4*u + p. Suppose 2*i - 22 - u = 0. Does 7 divide i?
False
Suppose 0 = -3*t - 0*m - 2*m - 366, 3*m + 129 = -t. Suppose 0*l - 10 = 5*l. Is 13 a factor of (t/9)/l*6?
False
Let b = -1148 - -1964. Is b a multiple of 13?
False
Let i = -4 + 8. Suppose 5*b = -3*k + 2*k + 2, -k + 2 = -4*b. Is 3/(i/(160/k)) a multiple of 20?
True
Let w(c) = -19*c + 7. Let p be w(5). Let o be (38 - 39)/((-2)/254). Let z = o + p. Does 13 divide z?
True
Suppose 0 = 8*u - 6*u - 1062. Does 59 divide u?
True
Let z(j) = 2*j**2 - 3*j + 4. Let b be z(4). Suppose 3*i - i - 28 = -5*q, q - b = -5*i. Is 11 a factor of 2 - -7*24/i?
True
Suppose 2*s - s + 20 = 3*v, 2*s + 25 = 3*v. Suppose v*p = 4*b - 23, -9 = 3*p + 2*p + 3*b. Does 12 divide ((-118)/6)/(p/9)?
False
Let z(y) = -36*y - 15. Let h be z(-10). Let a = -137 + h. Is a a multiple of 13?
True
Suppose -3*u = -5*y + 393, -u + 5*y = u + 262. Suppose d = -5*f + 932, 2*d + 380 = -0*f + 2*f. Let z = f + u. Is 14 a factor of z?
True
Let i be 5243/35 - 1/(-5). Let c = i + -44. Does 16 divide c?
False
Let y = 1476 + -906. Is y a multiple of 15?
True
Let g = 131 - 1. Is g a multiple of 6?
False
Let v(q) = -27*q + 7. Let s be v(-3). Suppose -5*j - 3*y = s - 297, 2*j - 76 = -5*y. Is j a multiple of 21?
False
Let t = -20 - -13. Let r = t - -13. Suppose 201 = 3*c - r. Is 23 a factor of c?
True
Let n(g) = 13*g**3 - g**2 + 4*g - 2. Let q be 1*-2 + (11 - 8). Is n(q) a multiple of 2?
True
Let g be 3/15 - 69/(-5). Suppose -19*i = -g*i - 1085. Is 31 a factor of i?
True
Let l be -1*5 - (-5)/5. Let k = -1 - l. Suppose c + 0*n - 54 = k*n, 46 = c - n. Does 14 divide c?
True
Let h = 660 - 572. Does 22 divide h?
True
Let c(a) = a**2 - 22*a - 184. Does 32 divide c(-10)?
False
Let u(o) = -o**2 + 2*o - 14. Let a be u(0). Let t be (-1368)/(-7) - (-6)/a. Suppose 3*x + 3*q = t, 4*q - 74 = -x - 0*q. Is x a multiple of 31?
True
Let g(s) = 2*s**2 + 4*s + 4. Let l be g(-2). Suppose 0 = -l*z - 50 + 162. Is z a multiple of 14?
True
Let i be 37/5 + 15/25. Let d(n) = -n**3 + 11*n**2 - 18*n. Is d(i) a multiple of 48?
True
Let k = 26 + -29. Let q(m) = 3*m**2 + 4*m - 1. Is 4 a factor of q(k)?
False
Suppose -4*r - 108 + 26 = 5*a, -4*r = 3*a + 78. Does 11 divide 2/6 - -3*(-94)/r?
False
Let t = -1079 - -2541. Is t a multiple of 34?
True
Let t(s) be the first derivative of s**3/3 + 13*s**2/2 - 14*s - 15. Does 18 divide t(-17)?
True
Let o(c) = 3*c**2 + 179 - 171 - 2*c**2. Is o(-6) a multiple of 11?
True
Let i(n) = 13*n - 535. Is 3 a factor of i(65)?
False
Let h = -552 - -1272. Is 5 a factor of h?
True
Suppose 26*s = 24*s + 2080. Is 8 a factor of s?
True
Let i(t) = 62*t**2 - 18*t + 20. Is 20 a factor of i(-5)?
True
Does 13 divide (-321588)/(-468) - (-2)/(-13)?
False
Let q(w) = 2*w**3 - 2*w**2 - 2*w. Let m be q(2). Suppose 4*o - o - n = 347, m*n - 601 = -5*o. Is 9 a factor of o?
True
Is 1*0/2 - 150350/(-310) a multiple of 55?
False
Let q be (68/12*1 - 5)*-6. Let w be 7*1*(-2 - 2). Is (w + q/(-1))*-1 a multiple of 5?
False
Suppose 0 = -4*z + 8*z + 8. Let x = 4 + z. Let w(f) = 3*f**3 - 1. Does 7 divide w(x)?
False
Suppose 9*u - 10*u + 36 = 0. Let j = u +